be (-1)/c - 25/10. Let a(p) = -2*p - 2. Calculate a(s).
2
Let j(g) = g**2 - g + 1. Let x be 6/(-4)*(-20)/(-5). Let t(a) = -5*a**2 + 11*a - 12. Let r(m) = x*j(m) - t(m). Give r(-6).
0
Let w be (-2 + 0/(-1))*-1. Let j(d) = d - 1. Let g be j(3). Let a(v) = 7*v - 3*v**2 - 4*v + g*v**w. Calculate a(3).
0
Let n(m) = -m**2 + 11*m**2 - 8*m - 2*m. Let v(q) = q**2 - q. Let x = -23 + 41. Let z(w) = x*v(w) - 2*n(w). What is z(2)?
-4
Let x = -18 - -15. Let t(y) = -2*y + 1. What is t(x)?
7
Let k = -8 + 14. Let p(n) = 2*n - 1. Let b(h) = 10*h - 4. Let w(q) = -3*b(q) + 14*p(q). Give w(k).
-14
Let p(a) = a + 1. Let g = 31 + -9. Let w(l) = 12*l + 12. Let t(f) = g*p(f) - 2*w(f). Let m = 8 - 12. What is t(m)?
6
Let m(v) = 8*v - 2*v - 3 - 3*v + 0*v. Calculate m(3).
6
Let o(m) = -195 - m**2 + 390 - 3*m - 190. Let s = 6 + -3. Suppose s*y - 25 = 8*y. Give o(y).
-5
Suppose -26*d + 6*d - 120 = 0. Let j(c) = -2*c - 9. Determine j(d).
3
Let o(c) = c**2 - c + 2. Let b be 6 + (-4)/(1 - -1). Calculate o(b).
14
Let g(b) = -b**2 - b + 4. Let x be (-150)/36 + (-1)/(-6). Calculate g(x).
-8
Let o(k) = -3*k - 2. Suppose 2*m - 24 = 6*m. Let n = -9 - m. Calculate o(n).
7
Let o be 2/2 + (-6)/(-2). Let d(p) = 8*p**2 + 4 - 7*p**2 - 2*p**2 - p**2 + 4*p. Determine d(o).
-12
Let b(o) = -o - 2. Let z(g) = g**2 + g. Let s(h) = b(h) + z(h). Suppose -3*t = -t + 4. Calculate s(t).
2
Let b(i) = i + 1. Let t be (-1 - -1) + 18/6. Let v = 4 - 0. Suppose -s + t*s + v = 0. Determine b(s).
-1
Let w(p) = p - 2. Let z(u) = -u + 1. Let q(t) = 4*w(t) + 3*z(t). Let f be -2 - 8/12*-9. Suppose 0 = f*x + 4*r - 24, -2*x + 4 - 2 = -3*r. Determine q(x).
-1
Let l(y) = y**2 - 6*y + 3. Let k be l(6). Let o(d) = -d + 4. Calculate o(k).
1
Let w be 2/4 + 14/(-4). Let i(p) = 7*p - 2 - 5*p + 5. Calculate i(w).
-3
Let j(n) = -n - 7. Let q = -58 - -49. Determine j(q).
2
Let i(n) = -10*n**3 + 3*n - 6. Let k(y) be the first derivative of -3*y**4/4 + y**2/2 - 2*y - 1. Let w(r) = 2*i(r) - 7*k(r). What is w(2)?
8
Let x(k) be the third derivative of -k**6/120 + k**5/15 - k**4/6 + 2*k**3/3 + 15*k**2. Let g be 2/8 + 11/4. Give x(g).
1
Suppose -3*a - 35 = 2*a. Let x = a + 12. Let d(l) = l - 9. Calculate d(x).
-4
Let x(i) be the second derivative of i**2 + 1/6*i**4 + 0 - 4*i - 2/3*i**3. Determine x(2).
2
Let r = 7 - 4. Let j = -9 + 11. Let t(k) = 0*k**2 + 0*k**2 + k**j + r - 3*k. What is t(4)?
7
Let z(n) be the first derivative of -n**2/2 - 2*n + 32. What is z(-10)?
8
Let v(b) = -2*b**2 - b + 2. Let n(o) = -o + 12. Let r be n(10). Calculate v(r).
-8
Let n be ((-1)/(-2))/(3/(-24)). Let g(f) be the third derivative of f**5/60 + f**4/8 + 5*f**3/6 + f**2. What is g(n)?
9
Suppose 16 = -5*b + 3*p, b + 1 = p - 3. Let n(s) = -s**3 + s**2 + s. Let o(a) = 6*a**3 - a**2 - 4*a - 1. Let v(l) = -5*n(l) - o(l). Calculate v(b).
-5
Let f(j) = 7*j**3 + 2*j**2 + 3*j + 4. Let m(z) = -z**3 - z**2. Let p(v) = f(v) + 6*m(v). Give p(3).
4
Let s = 92 + -92. Let z(x) be the second derivative of s - 2*x - 1/6*x**3 + x**2. Give z(-5).
7
Let k(u) = -u**2 + 7*u + 6. Let b(t) = t**3 + 4*t**2 - t - 5. Let f be b(-3). Give k(f).
6
Let u(c) be the second derivative of 3/2*c**2 - 2*c + 1/3*c**3 + 0. Determine u(-3).
-3
Let n(b) = b**3 - b**2 - 4*b + 2. Let w be n(3). Let q = 6 - w. Let v(o) = -1 - 1 - o**3 - 5*o**2 - 2*o - 2*o. Give v(q).
-6
Let i(g) be the second derivative of g**5/20 - g**4/12 - g**3/6 + 4*g**2 - 19*g. What is i(0)?
8
Let z(j) = j**2 - 4*j - 5. Let h be z(5). Let r(w) = -w**3 + h*w + 5*w**2 - 1 - w + 2. Give r(5).
-4
Let q(l) = 14*l - 9. Let i(h) = -5*h + 3. Let g(o) = -8*i(o) - 3*q(o). Suppose 6 = -4*w + 22. Suppose -x - w*x = -20. What is g(x)?
-5
Suppose 3*t - 2*l = -21, 3*t - 7*t - 5*l = 5. Let u(f) = f. Let c(h) = -6*h - 7. Let w(q) = c(q) + 5*u(q). Give w(t).
-2
Let l(f) be the second derivative of f**4/12 + 3*f. Let d(b) = -5*b**2 + 2. Let k(p) = d(p) + 4*l(p). Give k(2).
-2
Let i(a) = -a**3 + 4*a**2 + 6*a - 4. Let v be (-42)/(-3*1) - 2. Suppose 0 = 3*t - g - v, 0 = -t + 2*t + 5*g - 20. What is i(t)?
1
Let x(z) = 10*z**2 + 25*z + 10. Let u(k) = 3*k**2 + 8*k + 3. Let t(l) = 7*u(l) - 2*x(l). Let q be (-3 - 18/(-3)) + 1. Suppose q - 22 = 3*w. Calculate t(w).
1
Let m(h) = -144*h**2 - 11*h + 4 + 0*h + 145*h**2. What is m(7)?
-24
Let i be 0/3 + 14/2. Suppose -3*t + 2*u - i = -0*u, -2*t - 3 = -3*u. Let z(d) = d**2 + 3*d - 3. Determine z(t).
-3
Let h(w) = -w. Let s(i) = -i**2 - 2*i + 4. Let t(m) = -5*h(m) - s(m). What is t(-7)?
-4
Let k(c) = c**3 - c**2 + c. Let a be k(2). Let i be 33/4 - (-1)/(-4). Let v be (-1 + i/a)*3. Let u(z) = -7*z**2 + z - 1. What is u(v)?
-7
Let s(g) be the first derivative of -g**4/4 + g**2/2 + 1. Let p(w) = w**3 - 5*w - 1. Suppose j - 8 = -3. Let c(x) = j*s(x) + p(x). Determine c(-1).
3
Let s(d) = 0*d + 4*d**2 - 5*d**2 - 3*d + 8. Calculate s(-6).
-10
Let f be -3*((-5)/3 - -2). Let o(x) be the third derivative of x**9/7560 + x**5/30 - 2*x**2. Let k(q) be the third derivative of o(q). Calculate k(f).
-8
Let w be (-2)/8 + (-27)/(-12). Suppose 5*v + 5*f + 2 = 7, 2*v - w = -4*f. Let i(l) = 1 + 0 + l**2 + 4*l - v. Give i(-3).
-3
Let u = 3 + -4. Let h be (1 - (1 - u)) + 0. Let a be (4/8)/(h/10). Let g(b) = -b**2 - 7*b - 3. Give g(a).
7
Suppose 0*l + 14 = 4*l - 3*o, 2*l + o - 2 = 0. Let h(u) = -u**3 - u**3 + u**3 - 3*u + 2 + 2*u**3. Give h(l).
4
Let t = -1 - -2. Let h(z) be the first derivative of -z**4/12 - z**3/3 + z**2/2 - 2*z + 1. Let u(n) be the first derivative of h(n). Give u(t).
-2
Suppose 4*f = -3*i + 38, -4*i = -f - 12 - 7. Let u = -4 + i. Let j(s) = -3*s + 2*s**2 + 8*s - 3*s - s**3 - u. What is j(2)?
2
Let f be (-1 - 2)/(-3)*1. Let i(n) = -2*n + n + f + 3*n + 0*n. Give i(5).
11
Let q = 27 - 22. Let r(n) = -n**3 + 6*n**2 - 3*n - 4. Calculate r(q).
6
Let y(s) = -11*s**3 + s**2 - 2*s + 15. Let a(q) = -5*q**3 + q**2 - q + 7. Let m(p) = 9*a(p) - 4*y(p). What is m(5)?
-2
Let s be (1 + (2 - 4))*-2. Let z(g) = g**3 - 8*g**2 - 5*g - 2. Let o(u) = u**3 - 7*u**2 - 4*u - 1. Let n(j) = 4*o(j) - 3*z(j). Determine n(s).
-8
Let h(x) = 7*x - 1. Suppose -4*v - 23 - 1 = -4*q, 4*v = -q + 1. What is h(v)?
-8
Let y(w) = w - 1. Let n(s) = -7*s + 11. Let z(o) = n(o) + 6*y(o). Give z(3).
2
Let o(i) be the third derivative of -i**5/20 + i**4/12 - 13*i**2. Suppose 7*t = 4*t + 6. Give o(t).
-8
Let t(g) = -g - 2. Let h(l) = -l - 2. Let k(m) = 3*h(m) - 2*t(m). Give k(7).
-9
Let g(k) = -k. Let o = -33 + 36. Determine g(o).
-3
Let w(q) = -q**3 + q + 2. Let x(u) = 2*u + 12. Let l be x(-6). What is w(l)?
2
Let y(k) be the first derivative of -3/2*k**2 - 4*k + 4. Let g be 6*-1 + (0 - -1). Determine y(g).
11
Let k(w) be the third derivative of -w**6/120 - w**5/15 + 5*w**4/24 - 7*w**3/6 - 9*w**2. Calculate k(-5).
-7
Suppose -7*g = -6*g. Suppose g = -c + 1, -c = 5*n + c - 32. Let h(l) = -l**3 + 6*l**2 + 2*l + 1. What is h(n)?
13
Let o(z) = 3*z**3 - 9*z**2 - 4*z + 9. Let n(r) = 4*r**3 - 10*r**2 - 4*r + 10. Let i(m) = 4*n(m) - 5*o(m). Calculate i(-4).
-5
Let o(i) be the third derivative of -i**6/120 + i**5/12 + 3*i**4/8 - 2*i**3/3 - 20*i**2. What is o(6)?
14
Let j(i) = -i**2. Let a be j(0). Let w(m) = a*m + 2 - 3*m - 1. Determine w(4).
-11
Let u(i) = -3*i**3 - 2*i**2 - i + 5. Suppose 0 = -5*q - 2*s + 6, 0 = 5*s + 10. Let y(c) = -4*c**3 - c**2 - 2*c + 6. Let k(v) = q*y(v) - 3*u(v). Determine k(-3).
9
Let w(q) = -5 + 1 + 8 - 2*q. Let l(d) = 2*d**2 + 3*d - 4. Let z be l(-3). Give w(z).
-6
Suppose -y + 15 = -0*y + 5*c, 0 = -3*y + 2*c - 6. Suppose -2*g = -2*r + 4, y*r + 3*g = 5*r - 16. Let h(i) = i**3 - 6*i**2 + 4*i - 4. Determine h(r).
-9
Let x = 4 - 3. Let q(r) = -r + 1. Let s be q(x). Let o(h) = 5 - 2*h**2 - 4 + s + 0*h**2 + h**3 - h. Calculate o(3).
7
Let m(q) = -q**2 + q + 6. Let u(f) = 6*f + 2. Let b be u(-2). Let r = b - -10. Determine m(r).
6
Let d(l) = -8*l + 3. Let b(x) = 1. Let m(f) = 4*b(f) - d(f). Let y = 12 - 3. Suppose 5*z + 4*r = -y, -2*z - 7 = 5*r - 0. Determine m(z).
-7
Let b(y) be the third derivative of 1/120*y**6 + 1/6*y**3 + 1/12*y**5 + 0 - 10*y**2 + 0*y + 5/24*y**4. Suppose 2*x = -x - 12. Determine b(x).
-3
Let u = 18 - 19. Let c(o) = -o - 1 + 3*o**2 - o**2 - 10*o**2. What is c(u)?
-8
Let o be (1 - 0) + 2 + -2. Let m(y) be the second derivative of -y**5/10 - y**4/12 + y**3/6 - 7*y. Calculate m(o).
-2
Let p = -9 + 5. Suppose h - 3*r +